{"id":63,"date":"2026-01-19T22:57:21","date_gmt":"2026-01-19T21:57:21","guid":{"rendered":"http:\/\/norsktimen.site\/?page_id=63"},"modified":"2026-01-19T22:59:19","modified_gmt":"2026-01-19T21:59:19","slug":"sammarbeidspartere","status":"publish","type":"page","link":"https:\/\/norsktimen.site\/index.php\/sammarbeidspartere\/","title":{"rendered":"Sammarbeidspartere"},"content":{"rendered":"\n<p>Oppl\u00e6ringskontoret samarbeider med et bredt spekter av bedrifter og organisasjoner som alle har \u00e9n ting til felles: de faktisk gidder \u00e5 satse p\u00e5 l\u00e6rlinger. V\u00e5re samarbeidspartnere representerer ulike bransjer og fagomr\u00e5der, noe som gir l\u00e6rlingene v\u00e5re realistisk erfaring, varierte arbeidsoppgaver og en solid fot innenfor arbeidslivet.<\/p>\n\n\n\n<p>Gjennom tett dialog, felles m\u00e5l og litt sunn friksjon sikrer vi god oppf\u00f8lging, h\u00f8y faglig kvalitet og oppl\u00e6ring som faktisk er relevant \u2013 ikke bare noe som ser fint ut p\u00e5 papir. Samarbeidet bygger p\u00e5 tillit, engasjement og en felles forst\u00e5else av at framtidens fagfolk ikke kommer av seg selv (dessverre).<\/p>\n\n\n\n<p>Sammen skaper vi l\u00e6replasser der l\u00e6ring skjer i praksis, ikke bare i PowerPoint.<\/p>\n\n\n\n<p><strong>Under er et utvalg av forskjellige bedrifter vi sammarbeider med!<\/strong><\/p>\n\n\n\n<figure class=\"wp-block-image size-full is-resized\"><img loading=\"lazy\" decoding=\"async\" width=\"800\" height=\"533\" src=\"http:\/\/norsktimen.site\/wp-content\/uploads\/2026\/01\/ChatGPT-Image-19.-jan.-2026-22_58_45.jpg\" alt=\"\" class=\"wp-image-65\" style=\"width:1200px;height:auto\" srcset=\"https:\/\/norsktimen.site\/wp-content\/uploads\/2026\/01\/ChatGPT-Image-19.-jan.-2026-22_58_45.jpg 800w, https:\/\/norsktimen.site\/wp-content\/uploads\/2026\/01\/ChatGPT-Image-19.-jan.-2026-22_58_45-300x200.jpg 300w, https:\/\/norsktimen.site\/wp-content\/uploads\/2026\/01\/ChatGPT-Image-19.-jan.-2026-22_58_45-768x512.jpg 768w\" sizes=\"auto, (max-width: 800px) 100vw, 800px\" \/><\/figure>\n","protected":false},"excerpt":{"rendered":"<p>Oppl\u00e6ringskontoret samarbeider med et bredt spekter av bedrifter og organisasjoner som alle har \u00e9n ting til felles: de faktisk gidder [&hellip;]<\/p>\n","protected":false},"author":1,"featured_media":0,"parent":0,"menu_order":0,"comment_status":"closed","ping_status":"closed","template":"","meta":{"site-sidebar-layout":"default","site-content-layout":"","ast-site-content-layout":"default","site-content-style":"default","site-sidebar-style":"default","ast-global-header-display":"","ast-banner-title-visibility":"","ast-main-header-display":"","ast-hfb-above-header-display":"","ast-hfb-below-header-display":"","ast-hfb-mobile-header-display":"","site-post-title":"","ast-breadcrumbs-content":"","ast-featured-img":"","footer-sml-layout":"","ast-disable-related-posts":"","theme-transparent-header-meta":"","adv-header-id-meta":"","stick-header-meta":"","header-above-stick-meta":"","header-main-stick-meta":"","header-below-stick-meta":"","astra-migrate-meta-layouts":"default","ast-page-background-enabled":"default","ast-page-background-meta":{"desktop":{"background-color":"var(--ast-global-color-5)","background-image":"","background-repeat":"repeat","background-position":"center center","background-size":"auto","background-attachment":"scroll","background-type":"","background-media":"","overlay-type":"","overlay-color":"","overlay-opacity":"","overlay-gradient":""},"tablet":{"background-color":"","background-image":"","background-repeat":"repeat","background-position":"center center","background-size":"auto","background-attachment":"scroll","background-type":"","background-media":"","overlay-type":"","overlay-color":"","overlay-opacity":"","overlay-gradient":""},"mobile":{"background-color":"","background-image":"","background-repeat":"repeat","background-position":"center center","background-size":"auto","background-attachment":"scroll","background-type":"","background-media":"","overlay-type":"","overlay-color":"","overlay-opacity":"","overlay-gradient":""}},"ast-content-background-meta":{"desktop":{"background-color":"var(--ast-global-color-4)","background-image":"","background-repeat":"repeat","background-position":"center center","background-size":"auto","background-attachment":"scroll","background-type":"","background-media":"","overlay-type":"","overlay-color":"","overlay-opacity":"","overlay-gradient":""},"tablet":{"background-color":"var(--ast-global-color-4)","background-image":"","background-repeat":"repeat","background-position":"center center","background-size":"auto","background-attachment":"scroll","background-type":"","background-media":"","overlay-type":"","overlay-color":"","overlay-opacity":"","overlay-gradient":""},"mobile":{"background-color":"var(--ast-global-color-4)","background-image":"","background-repeat":"repeat","background-position":"center center","background-size":"auto","background-attachment":"scroll","background-type":"","background-media":"","overlay-type":"","overlay-color":"","overlay-opacity":"","overlay-gradient":""}},"footnotes":""},"class_list":["post-63","page","type-page","status-publish","hentry"],"_links":{"self":[{"href":"https:\/\/norsktimen.site\/index.php\/wp-json\/wp\/v2\/pages\/63","targetHints":{"allow":["GET"]}}],"collection":[{"href":"https:\/\/norsktimen.site\/index.php\/wp-json\/wp\/v2\/pages"}],"about":[{"href":"https:\/\/norsktimen.site\/index.php\/wp-json\/wp\/v2\/types\/page"}],"author":[{"embeddable":true,"href":"https:\/\/norsktimen.site\/index.php\/wp-json\/wp\/v2\/users\/1"}],"replies":[{"embeddable":true,"href":"https:\/\/norsktimen.site\/index.php\/wp-json\/wp\/v2\/comments?post=63"}],"version-history":[{"count":2,"href":"https:\/\/norsktimen.site\/index.php\/wp-json\/wp\/v2\/pages\/63\/revisions"}],"predecessor-version":[{"id":66,"href":"https:\/\/norsktimen.site\/index.php\/wp-json\/wp\/v2\/pages\/63\/revisions\/66"}],"wp:attachment":[{"href":"https:\/\/norsktimen.site\/index.php\/wp-json\/wp\/v2\/media?parent=63"}],"curies":[{"name":"wp","href":"https:\/\/api.w.org\/{rel}","templated":true}]}}