{"id":41,"date":"2026-01-14T11:28:53","date_gmt":"2026-01-14T10:28:53","guid":{"rendered":"http:\/\/10.237.0.46\/index.php\/current-jobs\/"},"modified":"2026-01-19T23:20:57","modified_gmt":"2026-01-19T22:20:57","slug":"current-jobs","status":"publish","type":"page","link":"https:\/\/norsktimen.site\/index.php\/current-jobs\/","title":{"rendered":"Utlyste stillinger"},"content":{"rendered":"\n<h3 class=\"wp-block-heading\">Ledige l\u00e6replasser og stillinger<\/h3>\n\n\n\n<p>Her finner du aktuelle l\u00e6replasser og stillinger tilknyttet Oppl\u00e6ringskontoret Sentrum. Utlysningene oppdateres fortl\u00f8pende, s\u00e5 hvis du faktisk er interessert, b\u00f8r du sjekke innom mer enn \u00e9n gang i \u00e5ret.<\/p>\n\n\n\n<p>Hver stilling inneholder informasjon om fag, l\u00e6rebedrift og s\u00f8knadsfrist. Les n\u00f8ye f\u00f8r du s\u00f8ker. Ja, hele teksten. Det er overraskende mange som ikke gj\u00f8r det \u2013 og det merkes.<\/p>\n\n\n<div class=\"sjb-page\">\r\n<!-- Start: Jobs Listing Wrapper -->\r\n\r\n\r\n<!-- Start Job Filters\r\n================================================== -->\r\n<div class=\"sjb-filters sjb-filters-v1\">\r\n        <form class=\"filters-form\" action=\"https:\/\/norsktimen.site\/index.php\/current-jobs\/\" method=\"get\">\r\n        <div class=\"row\">\r\n            \r\n    <!-- Keywords Search-->    \r\n    <div class=\"sjb-search-keywords col-md-10 col-xs-12\">\r\n        <div class=\"form-group\">\r\n                        <label class=\"sr-only\" for=\"keywords\">N\u00f8kkelord<\/label>\r\n            <input type=\"text\" class=\"form-control\" value=\"\" placeholder=\"N\u00f8kkelord\" id=\"keywords\" name=\"search_keywords\">\r\n        <\/div>\r\n    <\/div>\r\n    <div class=\"sjb-search-button col-md-3 col-xs-12\"><input class=\"btn-search btn btn-primary\" value=\"&#xf002;\" type=\"submit\"><\/div>        <\/div>\r\n    <\/form>\r\n<\/div>\r\n<!-- ==================================================\r\nEnd Job Filters -->\r\n\r\n\r\n<div class=\"sjb-listing\">\r\n        <!-- start Jobs Listing: List View -->\r\n    <div class=\"list-view\">\r\n        \r\n    <div class=\"no-job-listing\"><img decoding=\"async\" src=\"http:\/\/norsktimen.site\/wp-content\/plugins\/simple-job-board\/public\/images\/not-found.png\" alt=\"Ingen jobber funnet\" id=\"sjb-not-found-v1\"\/><p class=\"no-job-listing-text\">Ingen jobber funnet<\/p><\/div>\r\n    <\/div> <!-- end Jobs Listing: List View -->\r\n<\/div>\r\n<!-- End: Jobs Listing -->\r\n\r\n<div class=\"clearfix\"><\/div>\r\n<\/div>\r\n<!-- End: Jobs Listing Wrapper -->\r\n\r\n","protected":false},"excerpt":{"rendered":"<p>Ledige l\u00e6replasser og stillinger Her finner du aktuelle l\u00e6replasser og stillinger tilknyttet Oppl\u00e6ringskontoret Sentrum. Utlysningene oppdateres fortl\u00f8pende, s\u00e5 hvis du [&hellip;]<\/p>\n","protected":false},"author":1,"featured_media":0,"parent":0,"menu_order":0,"comment_status":"closed","ping_status":"closed","template":"","meta":{"site-sidebar-layout":"default","site-content-layout":"","ast-site-content-layout":"default","site-content-style":"default","site-sidebar-style":"default","ast-global-header-display":"","ast-banner-title-visibility":"","ast-main-header-display":"","ast-hfb-above-header-display":"","ast-hfb-below-header-display":"","ast-hfb-mobile-header-display":"","site-post-title":"","ast-breadcrumbs-content":"","ast-featured-img":"","footer-sml-layout":"","ast-disable-related-posts":"","theme-transparent-header-meta":"","adv-header-id-meta":"","stick-header-meta":"","header-above-stick-meta":"","header-main-stick-meta":"","header-below-stick-meta":"","astra-migrate-meta-layouts":"default","ast-page-background-enabled":"default","ast-page-background-meta":{"desktop":{"background-color":"var(--ast-global-color-5)","background-image":"","background-repeat":"repeat","background-position":"center center","background-size":"auto","background-attachment":"scroll","background-type":"","background-media":"","overlay-type":"","overlay-color":"","overlay-opacity":"","overlay-gradient":""},"tablet":{"background-color":"","background-image":"","background-repeat":"repeat","background-position":"center center","background-size":"auto","background-attachment":"scroll","background-type":"","background-media":"","overlay-type":"","overlay-color":"","overlay-opacity":"","overlay-gradient":""},"mobile":{"background-color":"","background-image":"","background-repeat":"repeat","background-position":"center center","background-size":"auto","background-attachment":"scroll","background-type":"","background-media":"","overlay-type":"","overlay-color":"","overlay-opacity":"","overlay-gradient":""}},"ast-content-background-meta":{"desktop":{"background-color":"var(--ast-global-color-4)","background-image":"","background-repeat":"repeat","background-position":"center center","background-size":"auto","background-attachment":"scroll","background-type":"","background-media":"","overlay-type":"","overlay-color":"","overlay-opacity":"","overlay-gradient":""},"tablet":{"background-color":"var(--ast-global-color-4)","background-image":"","background-repeat":"repeat","background-position":"center center","background-size":"auto","background-attachment":"scroll","background-type":"","background-media":"","overlay-type":"","overlay-color":"","overlay-opacity":"","overlay-gradient":""},"mobile":{"background-color":"var(--ast-global-color-4)","background-image":"","background-repeat":"repeat","background-position":"center center","background-size":"auto","background-attachment":"scroll","background-type":"","background-media":"","overlay-type":"","overlay-color":"","overlay-opacity":"","overlay-gradient":""}},"footnotes":""},"class_list":["post-41","page","type-page","status-publish","hentry"],"_links":{"self":[{"href":"https:\/\/norsktimen.site\/index.php\/wp-json\/wp\/v2\/pages\/41","targetHints":{"allow":["GET"]}}],"collection":[{"href":"https:\/\/norsktimen.site\/index.php\/wp-json\/wp\/v2\/pages"}],"about":[{"href":"https:\/\/norsktimen.site\/index.php\/wp-json\/wp\/v2\/types\/page"}],"author":[{"embeddable":true,"href":"https:\/\/norsktimen.site\/index.php\/wp-json\/wp\/v2\/users\/1"}],"replies":[{"embeddable":true,"href":"https:\/\/norsktimen.site\/index.php\/wp-json\/wp\/v2\/comments?post=41"}],"version-history":[{"count":3,"href":"https:\/\/norsktimen.site\/index.php\/wp-json\/wp\/v2\/pages\/41\/revisions"}],"predecessor-version":[{"id":82,"href":"https:\/\/norsktimen.site\/index.php\/wp-json\/wp\/v2\/pages\/41\/revisions\/82"}],"wp:attachment":[{"href":"https:\/\/norsktimen.site\/index.php\/wp-json\/wp\/v2\/media?parent=41"}],"curies":[{"name":"wp","href":"https:\/\/api.w.org\/{rel}","templated":true}]}}